{"id":3681,"date":"2023-07-04T16:25:56","date_gmt":"2023-07-04T14:25:56","guid":{"rendered":"https:\/\/www.obec-svetec.cz\/w\/?page_id=3681"},"modified":"2025-07-17T11:59:05","modified_gmt":"2025-07-17T09:59:05","slug":"workoutove-prvky-v-obci-svetec-a-strbice","status":"publish","type":"page","link":"https:\/\/www.obec-svetec.cz\/w\/workoutove-prvky-v-obci-svetec-a-strbice\/","title":{"rendered":"Projekt Posilovac\u00ed prvky v obci Sv\u011btec"},"content":{"rendered":"\n<p><strong>Projekt Posilovac\u00ed prvky v obci Sv\u011btec je spolufinancov\u00e1n Evropskou uni\u00ed.<\/strong><br>Podpora projekt\u016f kone\u010dn\u00fdch \u017eadatel\u016f napl\u0148uj\u00edc\u00ed c\u00edle SCLLD MAS SERVISO<br>Projekt \u0159e\u0161\u00ed dal\u0161\u00ed rozvoj \u00fazem\u00ed obce Sv\u011btec a pos\u00edlen\u00ed komunitn\u00edho \u017eivota v obci.<\/p>\n\n\n\n<figure class=\"wp-block-image\"><img loading=\"lazy\" decoding=\"async\" width=\"604\" height=\"201\" src=\"https:\/\/www.obec-svetec.cz\/w\/wp-content\/uploads\/2023\/07\/pb01-2.jpg\" alt=\"\" class=\"wp-image-3702\" srcset=\"https:\/\/www.obec-svetec.cz\/w\/wp-content\/uploads\/2023\/07\/pb01-2.jpg 604w, https:\/\/www.obec-svetec.cz\/w\/wp-content\/uploads\/2023\/07\/pb01-2-300x100.jpg 300w\" sizes=\"auto, (max-width: 604px) 100vw, 604px\" \/><\/figure>\n\n\n\n<p><\/p>\n\n\n<div class=\"wp-block-image\">\n<figure class=\"aligncenter\"><img loading=\"lazy\" decoding=\"async\" width=\"604\" height=\"454\" src=\"https:\/\/www.obec-svetec.cz\/w\/wp-content\/uploads\/2023\/07\/pb01-1.jpg\" alt=\"\" class=\"wp-image-3686\" srcset=\"https:\/\/www.obec-svetec.cz\/w\/wp-content\/uploads\/2023\/07\/pb01-1.jpg 604w, https:\/\/www.obec-svetec.cz\/w\/wp-content\/uploads\/2023\/07\/pb01-1-300x225.jpg 300w\" sizes=\"auto, (max-width: 604px) 100vw, 604px\" \/><\/figure><\/div>\n\n\n<p><\/p>\n\n\n<div class=\"wp-block-image\">\n<figure class=\"aligncenter\"><img loading=\"lazy\" decoding=\"async\" width=\"604\" height=\"454\" src=\"https:\/\/www.obec-svetec.cz\/w\/wp-content\/uploads\/2023\/07\/pb02.jpg\" alt=\"\" class=\"wp-image-3688\" srcset=\"https:\/\/www.obec-svetec.cz\/w\/wp-content\/uploads\/2023\/07\/pb02.jpg 604w, https:\/\/www.obec-svetec.cz\/w\/wp-content\/uploads\/2023\/07\/pb02-300x225.jpg 300w\" sizes=\"auto, (max-width: 604px) 100vw, 604px\" \/><\/figure><\/div>\n\n\n<p><\/p>\n","protected":false},"excerpt":{"rendered":"<p>Projekt Posilovac\u00ed prvky v obci Sv\u011btec je spolufinancov\u00e1n Evropskou uni\u00ed.Podpora projekt\u016f kone\u010dn\u00fdch \u017eadatel\u016f napl\u0148uj\u00edc\u00ed c\u00edle SCLLD MAS SERVISOProjekt \u0159e\u0161\u00ed dal\u0161\u00ed rozvoj \u00fazem\u00ed obce Sv\u011btec a pos\u00edlen\u00ed komunitn\u00edho \u017eivota v obci.<\/p>\n","protected":false},"author":1,"featured_media":0,"parent":0,"menu_order":0,"comment_status":"closed","ping_status":"closed","template":"","meta":{"footnotes":""},"class_list":["post-3681","page","type-page","status-publish","hentry"],"_links":{"self":[{"href":"https:\/\/www.obec-svetec.cz\/w\/wp-json\/wp\/v2\/pages\/3681","targetHints":{"allow":["GET"]}}],"collection":[{"href":"https:\/\/www.obec-svetec.cz\/w\/wp-json\/wp\/v2\/pages"}],"about":[{"href":"https:\/\/www.obec-svetec.cz\/w\/wp-json\/wp\/v2\/types\/page"}],"author":[{"embeddable":true,"href":"https:\/\/www.obec-svetec.cz\/w\/wp-json\/wp\/v2\/users\/1"}],"replies":[{"embeddable":true,"href":"https:\/\/www.obec-svetec.cz\/w\/wp-json\/wp\/v2\/comments?post=3681"}],"version-history":[{"count":6,"href":"https:\/\/www.obec-svetec.cz\/w\/wp-json\/wp\/v2\/pages\/3681\/revisions"}],"predecessor-version":[{"id":5276,"href":"https:\/\/www.obec-svetec.cz\/w\/wp-json\/wp\/v2\/pages\/3681\/revisions\/5276"}],"wp:attachment":[{"href":"https:\/\/www.obec-svetec.cz\/w\/wp-json\/wp\/v2\/media?parent=3681"}],"curies":[{"name":"wp","href":"https:\/\/api.w.org\/{rel}","templated":true}]}}