{"id":3344,"date":"2023-01-26T09:14:19","date_gmt":"2023-01-26T08:14:19","guid":{"rendered":"https:\/\/www.obec-svetec.cz\/w\/?page_id=3344"},"modified":"2023-01-30T07:12:26","modified_gmt":"2023-01-30T06:12:26","slug":"lanova-pyramida-chotejovice","status":"publish","type":"page","link":"https:\/\/www.obec-svetec.cz\/w\/lanova-pyramida-chotejovice\/","title":{"rendered":"Lanov\u00e1 pyramida Chot\u011bjovice"},"content":{"rendered":"\n<p><strong>Podpo\u0159il \u00dasteck\u00fd kraj<\/strong> v<strong>\u00a0r\u00e1mci programu<\/strong> <strong>\u00dasteck\u00fd kraj \u2013 Program obnovy venkova \u00dasteck\u00e9ho kraje 2021<\/strong> <strong>formou dotace ve v\u00fd\u0161i 20 000 K\u010d<\/strong> na Dovybaven\u00ed d\u011btsk\u00e9ho h\u0159i\u0161t\u011b Chot\u011bjovice \u2013 Lanov\u00e1 pyramida 3 m.<\/p>\n\n\n\n<figure class=\"wp-block-image\"><img loading=\"lazy\" decoding=\"async\" width=\"604\" height=\"174\" src=\"https:\/\/www.obec-svetec.cz\/w\/wp-content\/uploads\/2023\/01\/pb01.jpg\" alt=\"\" class=\"wp-image-3284\" srcset=\"https:\/\/www.obec-svetec.cz\/w\/wp-content\/uploads\/2023\/01\/pb01.jpg 604w, https:\/\/www.obec-svetec.cz\/w\/wp-content\/uploads\/2023\/01\/pb01-300x86.jpg 300w\" sizes=\"auto, (max-width: 604px) 100vw, 604px\" \/><\/figure>\n","protected":false},"excerpt":{"rendered":"<p>Podpo\u0159il \u00dasteck\u00fd kraj v\u00a0r\u00e1mci programu \u00dasteck\u00fd kraj \u2013 Program obnovy venkova \u00dasteck\u00e9ho kraje 2021 formou dotace ve v\u00fd\u0161i 20 000 K\u010d na Dovybaven\u00ed d\u011btsk\u00e9ho h\u0159i\u0161t\u011b Chot\u011bjovice \u2013 Lanov\u00e1 pyramida 3 m.<\/p>\n","protected":false},"author":1,"featured_media":0,"parent":0,"menu_order":0,"comment_status":"closed","ping_status":"closed","template":"","meta":{"footnotes":""},"class_list":["post-3344","page","type-page","status-publish","hentry"],"_links":{"self":[{"href":"https:\/\/www.obec-svetec.cz\/w\/wp-json\/wp\/v2\/pages\/3344","targetHints":{"allow":["GET"]}}],"collection":[{"href":"https:\/\/www.obec-svetec.cz\/w\/wp-json\/wp\/v2\/pages"}],"about":[{"href":"https:\/\/www.obec-svetec.cz\/w\/wp-json\/wp\/v2\/types\/page"}],"author":[{"embeddable":true,"href":"https:\/\/www.obec-svetec.cz\/w\/wp-json\/wp\/v2\/users\/1"}],"replies":[{"embeddable":true,"href":"https:\/\/www.obec-svetec.cz\/w\/wp-json\/wp\/v2\/comments?post=3344"}],"version-history":[{"count":3,"href":"https:\/\/www.obec-svetec.cz\/w\/wp-json\/wp\/v2\/pages\/3344\/revisions"}],"predecessor-version":[{"id":3356,"href":"https:\/\/www.obec-svetec.cz\/w\/wp-json\/wp\/v2\/pages\/3344\/revisions\/3356"}],"wp:attachment":[{"href":"https:\/\/www.obec-svetec.cz\/w\/wp-json\/wp\/v2\/media?parent=3344"}],"curies":[{"name":"wp","href":"https:\/\/api.w.org\/{rel}","templated":true}]}}